23?
-321422330
In base 8, what is 5 + -7202735?
-7202730
In base 8, what is 2112 - 43?
2047
In base 12, what is 5 - -522a7327?
522a7330
In base 8, what is -1610 + 1237404?
1235574
In base 3, what is -12112111 - -2221002?
-2121102
In base 11, what is 5 + -319684a?
-3196845
In base 5, what is -13 - -114033442420?
114033442402
In base 3, what is 20 + -11201102211210?
-11201102211120
In base 15, what is 1c - 4040?
-4023
In base 4, what is 11110323313 + 1?
11110323320
In base 6, what is -5400050 - -24?
-5400022
In base 2, what is 111001001 - -100100111011111111?
100101000011001000
In base 3, what is 1 - -1022020122212220?
1022020122212221
In base 4, what is 1120131133310 + 31?
1120131200001
In base 13, what is 52a7 - 23115?
-1ab3b
In base 2, what is 1 - -1101110100111111110?
1101110100111111111
In base 4, what is 233 - 201013120?
-201012221
In base 12, what is -349b304b + 0?
-349b304b
In base 6, what is -1552352114 - -114?
-1552352000
In base 2, what is 110 - 11011110011001110110?
-11011110011001110000
In base 4, what is 3 - -2110310210220?
2110310210223
In base 14, what is -1d5b59 + 136?
-1d5a23
In base 15, what is 4 + 4b616c1?
4b616c5
In base 3, what is -12010012 + -202211012?
-221221101
In base 3, what is 2 - -222121022102021?
222121022102100
In base 10, what is 1101728 - -49?
1101777
In base 6, what is -202144 - -320?
-201424
In base 5, what is -3 + -303441130?
-303441133
In base 11, what is 31aa111 - 4?
31aa108
In base 9, what is -26 - -2771761?
2771734
In base 10, what is 7 + -670186?
-670179
In base 8, what is 5 - -33147106?
33147113
In base 8, what is 161101217 - -2?
161101221
In base 16, what is -154 + 716c?
7018
In base 10, what is -2 - -323105741?
323105739
In base 14, what is 4 + -22520d?
-225209
In base 2, what is 11001011101110 - -1101011100?
11011001001010
In base 3, what is 2200020102 - -100?
2200020202
In base 5, what is -220214043322 + 3?
-220214043314
In base 11, what is -4 - -2640396?
2640392
In base 6, what is 10 - -143054514?
143054524
In base 10, what is 949 + -100970?
-100021
In base 5, what is -333 - 20031230?
-20032113
In base 9, what is 3 + 872758803?
872758806
In base 13, what is 40 + 31bb3?
31c23
In base 9, what is 102 + -15677?
-15575
In base 12, what is 30 - 53940?
-53910
In base 13, what is 204a08 + -17?
2049c1
In base 9, what is 15146485 - 47?
15146437
In base 16, what is 0 + 800446?
800446
In base 4, what is 2122110 + -121021?
2001023
In base 14, what is 3 + -473c654?
-473c651
In base 3, what is 21 - 20102210120100?
-20102210120002
In base 5, what is 222344 + 313330?
1041224
In base 5, what is 4123342 + 1030?
4124422
In base 11, what is -69254 - -30?
-69224
In base 3, what is 10210020001202 - -110?
10210020002012
In base 11, what is -3451263 + 0?
-3451263
In base 8, what is 71 + 1015137?
1015230
In base 10, what is -23 + -231799?
-231822
In base 6, what is 2055 + -2401412?
-2355313
In base 11, what is 1a7843 + -6a?
1a7784
In base 2, what is 110100110110000100010101000 + 0?
110100110110000100010101000
In base 3, what is 1110010101210101 - 12?
1110010101210012
In base 7, what is 1 + 556513610?
556513611
In base 3, what is 122 - 102122202101?
-102122201202
In base 10, what is 24 + -135196?
-135172
In base 13, what is 4259a34 - -1?
4259a35
In base 12, what is -972 - 8a3?
-1655
In base 4, what is -222 + 12111121210?
12111120322
In base 6, what is 13423043 - -131?
13423214
In base 3, what is -10221102120 - -102102220?
-10111222200
In base 10, what is 18586 + -562?
18024
In base 13, what is 3a4a + 269?
3cb6
In base 4, what is -300222032 - 11000?
-300233032
In base 11, what is 3 + -235556?
-235553
In base 12, what is -911 - 1a65?
-2776
In base 8, what is -625630227 - 0?
-625630227
In base 11, what is -35a8a - -180?
-3590a
In base 9, what is -25820 - 1503?
-27423
In base 9, what is 3071 + 6633?
10714
In base 3, what is 0 - 12110010202120?
-12110010202120
In base 6, what is -142 + 20103202?
20103020
In base 2, what is 0 - -10010101110111111111010?
10010101110111111111010
In base 16, what is -dc + -4a90d0?
-4a91ac
In base 7, what is -100 - 1130561?
-1130661
In base 11, what is 3904555 - 0?
3904555
In base 6, what is -1540225022 + -11?
-1540225033
In base 5, what is -211 + 21143300?
21143034
In base 2, what is 1011011010101111111010 - -1111110?
1011011010110001111000
In base 16, what is 4 - 39a7f4?
-39a7f0
In base 5, what is 22341041 + -122200?
22213341
In base 8, what is 3465351 + -150?
3465201
In base 11, what is -86150 + -aa9?
-87149
In base 2, what is 100100100000010000 + -101111011001?
100011110000110111
In base 16, what is -99c + -1165e?
-11ffa
In base 14, what is 14a29 - -15cd?
16218
In base 9, what is -560015377 + 0?
-560015377
In base 8, what is -6054050 + 117?
-6053731
In base 9, what is -3 + -110623?
-110626
In base 9, what is -1 - -17234575?
17234574
In base 4, what is 3123 + -200211?
-131022
In base 2, what is -11000000010000 - 11000111011?
-11011001001011
In base 6, what is 341 + -1051513?
-1051132
In base 11, what is 5 - -3772289?
3772293
In base 4, what is -32211133033 + 122?
-32211132311
In base 11, what is -4949 + -12241?
-1708a
In base 2, what is -110011111101001 - 1111100?
-110100001100101
In base 9, what is 16 - -114853724?
114853741
In base 16, what is -2e7a9 + 235?
-2e574
In base 15, what is -2ab + -c83d?
-cae9
In base 2, what is 10100000100101111100100 - 100001?
10100000100101111000011
In base 8, what is -3 - 2257451461?
-2257451464
In base 6, what is 345 - -124505535?
124510324
In base 2, what is -100110111110110110 - 101001011?
-100111000100000001
In base 8, what is -2 + 236634022?
236634020
In base 11, what is 24385 + 7?
24391
In base 13, what is 5 - -b51337?
b5133c
In base 9, what is 11628451 + 5?
11628456
In base 2, what is 100110101101101 - -1110001010?
101000011110111
In base 5, what is -43112 - 3432321?
-4030433
In base 10, what is -86187 - 330?
-86517
In base 15, what is 72855 - -1ad?
72a13
In base 8, what is -3265731403 + 2?
-3265731401
In base 15, what is -5 - 5c9834?
-5c9839
In base 13, what is 84570 + -1b3?
8438a
In base 4, what is -10032113201111 + -1?
-10032113201112
In base 3, what is -2101120021222102111 - 0?
-2101120021222102111
In base 5, what is -2010001 + 400033?
-1104413
In base 2, what is -101011 + 1011111011000100000?
1011111010111110101
In base 13, what is 155a + c342?
1089c
In base 12, what is -18 + -48b86?
-48ba2
In base 16, what is 313 + 1676?
1989
In base 13, what is -b663b - 503?
-b6b41
In base 3, what is 12001010110201221 + -1?
12001010110201220
In base 6, what is 120504520 + 22?
120504542
In base 13, what is -782c5b - -b?
-782c50
In base 6, what is 5 + 4134530532?
4134530541
In base 14, what is -1d7a9 - -18a?
-1d61d
In base 4, what is -3 + 1313112200321?
1313112200312
In base 8, what is -21305073 - 6?
-21305101
In base 15, what is -26e7016 - 0?
-26e7016
In base 5, what is 3143014004443 + -4?
3143014004434
In base 13, what is -1c246c + 30?
-1c243c
In base 2, what is -111000 - 110101010100010110111?
-110101010100011101111
In base 11, what is -5 - -3036853?
3036849
In base 13, what is -1a6 - 4371b?
-438c4
In base 7, what is 10033603350 + 2?
10033603352
In base 8, what is -6621610 - 60?
-6621670
In base 14, what is -2 + -9c3bb1c?
-9c3bb20
In base 7, what is -44633056 + -54?
-44633143
In base 10, what is -5 - -4080284?
4080279
In base 15, what is 1 + -15d93ea1?
-15d93ea0
In base 10, what is 901423173 + -1?
901423172
In base 13, what is 3c5b + -25c?
39cc
In base 15, what is -a0e + 236d3?
22bc4
In base 10, what is -123984325 + 1?
-123984324
In base 4, what is 11031003 + -10010?
11020333
In base 15, what is -6 + -18368?
-1836e
In base 14, what is 14428 - 63a?
13bcc
In base 15, what is -514 + -122c8?
-127dc
In base 7, what is 35025561 - 2?
35025556
In base 5, what is 334103101420 - -2?
334103101422
In base 8, what is 4401 + -5535?
-1134
In base 7, what is -3 + 112205232?
112205226
In base 13, what is 8 + -1b05763a?
-1b057632
In base 5, what is -2 - -4341334003?
4341334001
In base 7, what is -16 + 220523445?
220523426
In base 12, what is 1318 + -334?
ba4
In base 6, what is -203032403 + -14?
-203032421
In base 3, what is 0 - -101200012120220122?
101200012120220122
In base 14, what is 1ac - 8388a?
-836bc
In base 4, what is -30331302 + 2122?
-30323120
In base 5, what is 3231301 -